7*b - 7. Let w be 25 + 22 + -1 + -1. Suppose w = f + 4*f. Calculate the remainder when t(-6) is divided by f.
8
Let n be -1 + 3 + 17 + -2. Let o = 28 - n. Suppose 5*w - 5*j = 105, 0*w - j = 2*w - 42. Calculate the remainder when w is divided by o.
10
What is the remainder when (8/3)/((-14)/(-609)) + 5 is divided by 41?
39
Suppose x = -2*x + 4*a + 62, -5*x + 2*a = -80. Suppose 2*j + 39 = 3*j. What is the remainder when j is divided by x?
11
Let b(c) = 4*c + 2*c**2 + 7 - c + 2*c**2 - c**2. What is the remainder when b(3) is divided by 9?
7
Let l = -296 + 682. What is the remainder when l is divided by 15?
11
Suppose 10*v = 6*v - 4*v. Suppose v = -3*x + 17 + 10. Calculate the remainder when 17 is divided by x.
8
Suppose 3*q + 8 = 14. Suppose g = 5, 7*g = 3*d + q*g - 71. What is the remainder when d is divided by 17?
15
Let z = 1592 + -1008. What is the remainder when z is divided by 14?
10
Let c(g) = -g + 4. Let r(x) = 5*x**2 - 3*x + 5*x**2 + 1 - 4*x**2. Calculate the remainder when r(2) is divided by c(0).
3
Suppose -2*k - 210 + 43 = -5*p, 4 = k. Suppose x = -1, 2*w - 2*x = 2*x + 32. What is the remainder when p is divided by w?
7
Suppose -31*s = -30*s - 65. Suppose 11*c - s = 111. Calculate the remainder when 234/8 - (-2)/(-8) is divided by c.
13
Suppose 6*i = 464 - 212. What is the remainder when 251 is divided by i?
41
Suppose 6 - 10 = q, 592 = 2*i + 3*q. Calculate the remainder when i is divided by 18.
14
What is the remainder when 9604/24 - (-120)/144 is divided by 105?
86
Let n = 4 - 18. Let y = n - -16. Suppose y*c = -13 + 61. Calculate the remainder when 46 is divided by c.
22
Let o = 240 + -218. What is the remainder when o is divided by 5?
2
Let w(m) = 2*m**2 + 12*m - 23. Let a(v) = -5*v**2 - 23*v + 48. Let t(c) = 3*a(c) + 7*w(c). What is the remainder when t(10) is divided by 12?
9
Suppose -5*w + 79 = -1381. Suppose -64 = 4*f - w. Calculate the remainder when f is divided by (2 - -2)/((-1)/(-5)).
17
Suppose 5*f + 4*q - 262 = 0, 3*q = -f + q + 56. Suppose 4*x + f = 2*x. Let d = 1 - x. What is the remainder when d is divided by 9?
8
Let x(s) = -3*s + 43. Let h be x(19). Let n(j) = -4*j - 31. Calculate the remainder when 47 is divided by n(h).
22
Suppose 2*s - 14 = -4*w, 5*w = 25 - 5. Let b(d) = -3*d. What is the remainder when 12 is divided by b(s)?
0
Suppose 624 = 21*s + 3*s. What is the remainder when 203 is divided by s?
21
Let v be (-4)/(-20) - 49/(-5). Let b be -2 - -5 - (-4 - -14). Let c = b + v. What is the remainder when 4 is divided by c?
1
Let c be -3*6 - (13 - 14). What is the remainder when (2/(-4))/(c/2244) is divided by 34?
32
Let r(x) = -4*x**3 + x**2 + x + 1. Let b be r(2). Let t = b + 81. Calculate the remainder when t is divided by 20.
16
Suppose 11*f + 2481 - 270 = 0. Let q = f + 338. Let t = 74 - 39. Calculate the remainder when q is divided by t.
32
Let m be 4 + -9 + 3 - (1 + 3). Let k(j) = j**3 + 6*j**2 - 4*j - 10. Calculate the remainder when 93 is divided by k(m).
9
What is the remainder when 8 is divided by 2/(-6) - (406/42 + -12)?
0
Let y = -167 + 75. Let l = -48 - y. Suppose 5*i - 11 = l. What is the remainder when 21 is divided by i?
10
Suppose 0 = -2*z + 261 + 201. What is the remainder when z is divided by 47?
43
Suppose -4*b - 79 = -123. Calculate the remainder when b is divided by 5.
1
Let o(j) = -j**3 - 4*j**2 + 3*j - 35. Calculate the remainder when 164 is divided by o(-6).
12
Suppose 0*z - 3*z - 10 = -p, -2 = -p - z. What is the remainder when (p - 1216/(-36)) + 4/18 is divided by 21?
17
Let g = 32 + -40. Let r(l) = l**2 - 10*l - 6. What is the remainder when r(g) is divided by 20?
18
Suppose 36*h = 35*h + 129. Let g = h - 111. Calculate the remainder when g is divided by 7.
4
Suppose -5*z + 4*t = -z - 16, -4 = -4*z - 2*t. Suppose 4*o + z*u = -3*u + 65, u = 5. Calculate the remainder when ((-6)/o)/(1/(-155)) is divided by 16.
13
Suppose -150 = 3*b - 162. What is the remainder when 5 is divided by b?
1
Let l(p) = 6*p**2 + 13*p + 11. What is the remainder when 155 is divided by l(-4)?
45
Let q(f) = -f**3 + 11*f**2 - 20*f + 5. What is the remainder when q(4) is divided by 13?
11
Suppose 2*f - 20 = 8. Suppose 0 = -5*g + 21 - 1. Calculate the remainder when 26/(g/4)*1 is divided by f.
12
Let m(k) = 2*k**2 + 15*k + 18. Let a be m(-9). Let q = 0 + -24. Let c = q + a. What is the remainder when c is divided by 12?
9
Let d(i) = -i**2 + 10*i - 3. What is the remainder when d(5) is divided by -1*((-9)/6)/((-7)/(-28))?
4
Suppose 100 + 98 = 6*g. What is the remainder when 260 is divided by g?
29
Let q = 17 + 112. Calculate the remainder when 513 is divided by q.
126
Calculate the remainder when (4/(-4))/(2/(-108)) is divided by 0 - 4/18 - 12672/(-891).
12
Let o be -5 - -8 - (-6)/1. Suppose -4*d + o = -7. Suppose -d*l + 3*l + z = -34, -l + 4*z = -46. What is the remainder when l is divided by 16?
14
Let r(i) = 39*i**3 + 2*i + 2*i**2 - 1 - 37*i**3 - 5*i**2. What is the remainder when 11 is divided by r(2)?
4
Let h = 19 - 31. Let u = 25 + h. Let q = 12 - 8. Calculate the remainder when u is divided by q.
1
Let y = -47 + 48. Suppose -36 = -4*l - 3*t + 4, -l = -2*t + y. Let i = -11 - -31. Calculate the remainder when i is divided by l.
6
Suppose -3*f + 19 = 4*g, 0 = 3*f + 33*g - 35*g - 13. Calculate the remainder when 49 is divided by f.
4
Let t = -304 + 327. Suppose 2 = -2*w + 20. What is the remainder when t is divided by w?
5
Suppose 8*r = 4*r + 112. Suppose 203 = -5*h - 512. Let l = 281 + h. Calculate the remainder when l is divided by r.
26
Suppose -69 = -f - 5. Suppose 0 = -4*i + 2*a + f, -3*a - 19 = 2*i - 51. What is the remainder when i is divided by (4/(-3))/((-8)/36)?
4
Let k = -22 - -19. Let z = 16 + k. Calculate the remainder when 36 is divided by z.
10
Suppose -6*w = c - w - 6, -2*c = 4*w + 18. Let y(u) = -12*u - 4. Let n be y(-4). Let a = n + c. Calculate the remainder when a is divided by 14.
11
Let x(m) = -2*m**3 - 9*m**2 + 2*m - 21. Let d(f) = -f**3 + f - 1. Let j(v) = d(v) - x(v). What is the remainder when 114 is divided by j(-9)?
27
Suppose 3*b = 10*b - 455. Calculate the remainder when 186 is divided by b.
56
Let t(b) = b**3 + 5*b**2 - b + 2. Let v be t(-5). Let g be v + 1 + 0 + -3. Suppose 48 = -g*q + 9*q. What is the remainder when 47 is divided by q?
11
Let v = -17 + 31. Let a = -65 + v. Calculate the remainder when (-3 + (-21)/(-9))*a is divided by 9.
7
Calculate the remainder when 175 is divided by (-76)/(-4) - (25 - 28).
21
Let a(d) = 3*d**2 - 68*d - 2. What is the remainder when a(23) is divided by 5?
1
Suppose -4*f = p - 31 - 75, 0 = -4*p + 2*f + 334. Suppose 5*b - 108 = -18. Calculate the remainder when p is divided by b.
14
Suppose 128*z + 132 = 130*z. Calculate the remainder when 193 is divided by z.
61
Let q = 1830 + -1599. What is the remainder when q is divided by 13?
10
Suppose 0 = 4*v - 2*u - 40, -2*v - v = -4*u - 20. Calculate the remainder when 3/((0 + -2)/(-22)) is divided by v.
9
Suppose 0*z - 3*z = -162. Suppose -4*j + 22 = i - 20, -2*i - 2*j + z = 0. What is the remainder when i is divided by -3*((-44)/12 + 1)?
6
Let g = -836 - -872. Calculate the remainder when g is divided by 10.
6
Let v(p) = -p - 1. Let d = -10 - -5. Suppose -3*r + 40 = r. What is the remainder when r is divided by v(d)?
2
Let d(x) = 3*x**2 - 6*x + 19. Calculate the remainder when d(6) is divided by 24.
19
What is the remainder when (-4837)/(-21) + -3 + 33/9 is divided by 71?
18
Let c = 1338 + -1256. Calculate the remainder when 321 is divided by c.
75
Suppose 44*y = 4*c + 46*y - 46, 2*c - 5*y = -7. Calculate the remainder when 124 is divided by c.
7
Let g = 11 + -5. What is the remainder when 25 is divided by g - ((-12)/2 + 4 + -1)?
7
Let v = 248 - 245. Let m(s) = -s + 7. Let y be m(5). Suppose y*x = v*x - 73. What is the remainder when x is divided by 19?
16
Let d(o) = 3*o**2 + 15*o + 1. Suppose 2*v - 124 = -4*a + 4*v, 0 = a + 5*v - 53. Calculate the remainder when a is divided by d(-6).
14
Let v be ((-2)/8 + 1)*-16. Calculate the remainder when 0 - 4/4 - 10*v is divided by 30.
29
Let k(c) = -c**2 - 5*c - 4. Let q be k(-5). Let z be 4 - q*4/(-4). Suppose -2*x - 164 = -7*x - 3*s, 2*s + 4 = z. What is the remainder when x is divided by 12?
10
Suppose 389 - 2933 = -8*n. Calculate the remainder when n is 